hat is 2123011101 - 113?
2123010322
In base 7, what is -21353050600 + 0?
-21353050600
In base 4, what is 300020213 + -312?
300013301
In base 2, what is -10 + -110001101100000000110110111?
-110001101100000000110111001
In base 14, what is -18c94db - -1?
-18c94da
In base 9, what is 1 + 18102308?
18102310
In base 14, what is -3a + 9a314d?
9a3113
In base 14, what is 246a27 + -39?
2469cc
In base 7, what is -5 - -346321635?
346321630
In base 8, what is -72531 - 170?
-72721
In base 11, what is -19 - -11a430a9?
11a43090
In base 16, what is -28b802 - 5?
-28b807
In base 9, what is -52 - -4131816?
4131754
In base 13, what is -3 - 1b752b6?
-1b752b9
In base 9, what is -48515 - -435?
-48070
In base 3, what is -12022101020 - 11101?
-12022112121
In base 10, what is 7 + -5853381?
-5853374
In base 15, what is ac5658 - -3?
ac565b
In base 2, what is -1011101001010101101101110 - 0?
-1011101001010101101101110
In base 12, what is 19 + 35070?
35089
In base 8, what is -1735 - -15157?
13222
In base 7, what is -53 + 516231?
516145
In base 4, what is 13332021 - -2331?
20001012
In base 5, what is 43331021 + 432?
43332003
In base 12, what is -1453607 - 2?
-1453609
In base 7, what is -25154121320 - 3?
-25154121323
In base 12, what is -8 + 996b515?
996b509
In base 16, what is 455c + -19b?
43c1
In base 14, what is -5 - 575109?
-575110
In base 9, what is 113 + -7246146?
-7246033
In base 5, what is -2143130 + 141?
-2142434
In base 3, what is -1112001202120 + 221?
-1112001201122
In base 6, what is 1003545 + 11125?
1015114
In base 3, what is -20221 + -100101102200111?
-100101102221102
In base 16, what is -1 - -102baa7a?
102baa79
In base 16, what is 2d16b48 - 2?
2d16b46
In base 4, what is -3300 - 10233010?
-10302310
In base 13, what is -248 + -448b7?
-44b32
In base 12, what is -10717bb2 + 21?
-10717b91
In base 2, what is -11100100001110001 - -1011?
-11100100001100110
In base 2, what is -10001000 - -1011010100000101010010?
1011010100000011001010
In base 2, what is -10000111000100 - 100111011011?
-10101110011111
In base 10, what is -2 + -117166498?
-117166500
In base 13, what is 103c21 - -5?
103c26
In base 6, what is -2355223 - 3123?
-2402350
In base 7, what is 4 + 232210340?
232210344
In base 8, what is 2643 + -1336?
1305
In base 5, what is 102144010 - -13?
102144023
In base 11, what is 1434126 - 27?
14340aa
In base 3, what is -20001221112 - -22102?
-20001122010
In base 7, what is -4144625 - -4?
-4144621
In base 7, what is -4 - -3153442?
3153435
In base 16, what is -16be1 + -be7?
-177c8
In base 4, what is -10 + 2202030113023?
2202030113013
In base 14, what is -10bb + 2089?
dac
In base 16, what is -a23c8 - -5?
-a23c3
In base 2, what is 1000010110100101001100 + 111110?
1000010110100110001010
In base 6, what is -1144222 + -231?
-1144453
In base 15, what is adb89be + 5?
adb89c4
In base 14, what is -31d - -1d8ca?
1d5ab
In base 2, what is -11010000011010001100001101 - 10?
-11010000011010001100001111
In base 3, what is 12210 + 2112220201?
2120010111
In base 6, what is 40542 - -1520121?
2001103
In base 6, what is 452223554 - 5?
452223545
In base 6, what is 1425024 - -1022?
1430050
In base 11, what is 3078995 + 6?
30789a0
In base 9, what is -26240363 - -2?
-26240361
In base 15, what is 5 - 196480?
-19647a
In base 9, what is 26 + 6884310?
6884336
In base 6, what is 1054 + -102541352?
-102540254
In base 3, what is 12 + -2002212000101021?
-2002212000101002
In base 4, what is -10 + -223200321301?
-223200321311
In base 10, what is -10 - 4950249?
-4950259
In base 15, what is -12 + 27828c7?
27828b5
In base 4, what is -2232 + -1012022113?
-1012031011
In base 13, what is 357 - 1955a?
-19203
In base 16, what is 2ed - -605?
8f2
In base 2, what is 10111101100001 - -1100010001?
11001001110010
In base 15, what is 1781b + -659?
171b2
In base 3, what is 101101122110 + 122?
101101200002
In base 10, what is 25851 - -111?
25962
In base 10, what is 285945 + -59?
285886
In base 4, what is -1 - 20311103012?
-20311103013
In base 13, what is -3604 - -1b63?
-1771
In base 3, what is 0 - 1210001100112?
-1210001100112
In base 15, what is 1 + -92650?
-9264e
In base 5, what is 10402023 - -32?
10402110
In base 5, what is 2 + 30204443411?
30204443413
In base 11, what is -3620276 - 10?
-3620286
In base 6, what is -10320202 + 1151?
-10315011
In base 8, what is 5 + 1640361?
1640366
In base 4, what is -1333212 - -123111?
-1210101
In base 13, what is -c60 + 54b44?
53bb4
In base 5, what is -3 + -3344332244?
-3344332302
In base 2, what is -10 - 100010000011111000101?
-100010000011111000111
In base 14, what is 12c + 1ddb00?
1ddc2c
In base 2, what is -11111110000 + -10110001111000?
-11010001101000
In base 13, what is 825c7 - -40?
82637
In base 7, what is 2 + 100345420?
100345422
In base 7, what is 115234 + 423?
115660
In base 9, what is 880084 + 47?
880142
In base 11, what is 38a + 198921?
199200
In base 9, what is 3566 - -3123?
6700
In base 8, what is 220 - 4340446?
-4340226
In base 9, what is 5008 - 4186?
712
In base 14, what is b51d1acb - 0?
b51d1acb
In base 11, what is -1894639a - 0?
-1894639a
In base 8, what is -22 - -5057312?
5057270
In base 8, what is 13253310 - 21?
13253267
In base 4, what is 1130332 - 22311?
1102021
In base 13, what is 1371944 - -1?
1371945
In base 6, what is 135143 - 155254?
-20111
In base 8, what is 365661030 - -1?
365661031
In base 16, what is 4 - 14a78e7?
-14a78e3
In base 10, what is 61 - -2837666?
2837727
In base 4, what is 320302 - 111332?
202310
In base 3, what is 2 - -10021001121002?
10021001121011
In base 10, what is 16567 + 9836?
26403
In base 12, what is 15727 + b9?
15824
In base 16, what is 8 + 15740?
15748
In base 12, what is -6a9a - 104?
-6ba2
In base 13, what is a2 + 1493b?
14a10
In base 10, what is -860 + 36536?
35676
In base 7, what is -456 - 14202203?
-14202662
In base 14, what is -40cb3 - 1?
-40cb4
In base 2, what is -110100111000000100011 + 1001?
-110100111000000011010
In base 5, what is 3334432004 - -2?
3334432011
In base 13, what is -123 - 191854?
-191977
In base 3, what is 21102121002 - 10000201?
21022120101
In base 16, what is b4790 + 9?
b4799
In base 11, what is -3134407 + 8?
-31343aa
In base 4, what is 1100 - 321330310?
-321323210
In base 12, what is -5b30350 + 3?
-5b30349
In base 11, what is -210 + a2a93?
a2883
In base 16, what is -4 + 5aca12?
5aca0e
In base 2, what is -11010001 - -10111001000?
10011110111
In base 6, what is 332522 - 130?
332352
In base 6, what is 1 + 15505124?
15505125
In base 16, what is 1e37da + -b?
1e37cf
In base 3, what is -110210202 - -101202121?
-2001011
In base 12, what is -1108b + -96?
-11165
In base 13, what is -579a - b266?
-13a33
In base 6, what is -15352 - 522120?
-541512
In base 14, what is -c214 + -2d?
-c243
In base 11, what is -15 + 2a845a?
2a8445
In base 4, what is 203 + -133032132?
-133031323
In base 12, what is 738870 + -1a0?
738690
In base 9, what is 6273 + 680?
7063
In base 9, what is -4880 - -31?
-4848
In base 14, what is -1 + -1ccc475?
-1ccc476
In base 13, what is -54 - -c9136?
c90b2
In base 8, what is -564 - -2007157?
2006373
In base 15, what is -21b58bc + 18?
-21b58a4
In base 16, what is -31ce8 + -4a?
-31d32
In base 3, what is 20 - 1110201012001?
-1110201011211
In base 11, what is -153 - 171023?
-171176
In base 11, what is 5a450 + 198?
5a638
In base 2, what is 1010110111 - 1100010110101111010?
-1100010101011000011
In base 15, what is -4e899 - 8?
-4e8a2
In base 16, what is -7 - -4059788?
4059781
In base 7, what is 203230 - -65?
203325
In base 16, what is 472c3 + -286?
4703d
In base 10, what is 5964 - 113?
5851
In base 12, what is -200896 + -42?
-200918
In base 7, what is 311035640 + 5?
311035645
In base 6, what is -22 + -11002053?
-11002115
In base 10, what is 220 - -9532?
9752
In base 15, what is 0 - 134877?
-134877
In base 10, what is -74327 + -384?
-74711
In base 7, what is 14 + -4656502?
-4656455
In base 15, what is 17d47 + -b3b?
1720b
In base 5, what is -10031 - 224?
-10310
In base 9, what is 180747554 + 1?
180747555
In base 6, what is -12054454103 - 3?
-12054454110
In base 13, what is 47248a - -118?
4725a5
In base 10, what is -5464 + 15714?
10250
In base 6, what is 10 - 10334545?
-10334535
In base 2, what is 10100 - -111100001100011010100100?
111100001100011010111000
In base 10, what is 207 + 217905?
218112
In base 2, what is -1